 2*h - 1, -3*h = 4*y - i. What is x(h)?
-4
Let r(b) be the first derivative of 35*b**3/3 - b**2 - 3*b + 3310. Give r(-1).
34
Let a(k) = -2*k**2 - 6*k. Let u = 10 - 26. Let c(d) = -6*d - 36 - 13*d + 32*d**2 - 33*d**2 + d. Let p be c(u). Give a(p).
-8
Let w(n) = -2707*n - 25. Let h be w(0). Let m(l) = 2*l + 95. Give m(h).
45
Let f(c) be the third derivative of -c**6/120 - 8*c**5/15 - c**4/24 - 6*c**3 - 5*c**2 - 384. Determine f(-32).
-4
Let i(k) = -4 + 620*k - 836*k + 225*k. Give i(7).
59
Let u(i) = 3*i - 6. Let j be (-190)/45 + 1/((-9)/(-2)). Let s be (6*1)/(-4*j/(-24)). Let v be 10*(-2 + s/(-6)). Calculate u(v).
-21
Let i(x) = x**2 - 16*x + 7. Let q = -3340 + 3354. Determine i(q).
-21
Let y be ((-30)/12)/((-14)/28) + 12. Let u(q) = q**2 - 19*q + 29. Determine u(y).
-5
Let d(i) = 8*i - 7 + 1 + 2 + i - 10*i. Suppose 6 = 2*u + s, 0*u - 4*s + 9 = 3*u. Suppose -2*p = 5*a - 16, u*a - a = -4*p. Give d(a).
-8
Suppose -r - 41*z = -45*z + 14, -3*r = 5*z - 26. Let u(n) = -46*n + 87. Calculate u(r).
-5
Let a be (-1 - 2)*(-19 - -16). Let d(j) = j**2 - 10*j - 4. Determine d(a).
-13
Let m(t) = -2*t**2 - 12*t + 18. Suppose -4*h = 4 + 24. Calculate m(h).
4
Let j(h) = -h**3 - 5*h**2 + 2*h + 6. Let m = 20 + -17. Suppose u - 37 = 3*l, -m*u + 2*l - 7*l = -97. Let q = 29 - u. What is j(q)?
-4
Suppose -4*w + 61 = 6*a - 5*a, -3*w + 17 = -5*a. Let d(z) = z**2 - 7*z - 98. Let j be d(w). Let x(s) = -s**2 + s - 12. Calculate x(j).
-12
Let g be 1 - 15/(-7) - 1/7. Suppose -14 = -f - 0*v - 3*v, g*f = -v + 10. Let y(k) = -4 - 9 + 0*k - f*k + 14. Give y(2).
-3
Let v(u) be the third derivative of u**6/120 - 3*u**5/20 + u**4/4 + 5*u**3/6 - 613*u**2. Give v(7).
-51
Let y(u) = u + 1. Let x = -31 - -32. Let m be y(x). Let w(k) = -1 - 4*k**m + 2*k**2 - 6*k**3 + 3*k**2. Give w(-1).
6
Let y(c) = -12*c - 1532*c**2 + 26 + 3066*c**2 - 1533*c**2. What is y(13)?
39
Let f(l) = 3*l - 37. Let g(v) = -v + 9. Let k(i) = -2*f(i) - 9*g(i). Suppose -5*m + 35 = 2*m. Give k(m).
8
Let a(i) = i**2 - 27*i + 3. Let q = 11601 + -11573. Determine a(q).
31
Let u(c) = -c**3 + 7*c**2 + 8*c + 4. Let m = 16 - 8. Let y be 18/12 + 52/m. Give u(y).
4
Let s be (-21)/(-126) + (15/10 - (-1)/3). Let j(g) = g**3 + 8*g**2 - 13*g. Give j(s).
14
Let x(r) be the first derivative of -24 - 1/2*r**2 - 4*r + 5/6*r**3 - 1/12*r**4. Let a(h) be the first derivative of x(h). What is a(4)?
3
Let a = 541 - 545. Let t be 11/(a/10 + 18/(-30)). Let w(i) = -i**2 - 12*i - 15. Determine w(t).
-4
Let p = -1628 - -1642. Let b(c) = -c**2 + 18*c - 69. Determine b(p).
-13
Let g(z) be the third derivative of -z**5/60 - z**4/6 + 29*z**3/2 + 4587*z**2. Give g(-12).
-9
Suppose -5*q - 1 = 4*w, 3*w + 3*q - 15 = -2*w. Let s(f) = 10*f**3 + 34460*f**2 - 7 - 9*f**3 - 2*f - 34465*f**2. Give s(w).
17
Let q(i) = -7*i**3 - i**2 - 3*i + 13. Let x(j) = -6*j**3 - 2*j**2 - 3*j + 12. Let s(g) = -5*q(g) + 6*x(g). Let v = 195889 + -195895. Give s(v).
-11
Let i(n) be the first derivative of n**6/360 + n**5/60 + n**4/24 - 37*n**3 - 82. Let u(y) be the third derivative of i(y). What is u(-3)?
4
Let y(w) = w. Let f(q) = -3*q - 1. Let x(c) = -2*f(c) - 7*y(c). Suppose -4*v = -v + 60. Let b be (0 + -12)*(v/8 - -2). What is x(b)?
-4
Let x(z) = -2*z**2 + 54*z - 4. Let c be 78/3 + 198/(-264)*8/(-6). What is x(c)?
-4
Let y(c) = 2*c - 17. Let b(z) = 16. Let g(l) = 3*b(l) + 2*y(l). Let n(m) = 9*m + 29. Let o(i) = 7*g(i) - 3*n(i). What is o(-8)?
3
Let b be -12 - ((-94)/10 + 8)/(2/(-10)). Let h(p) be the second derivative of -p**5/20 - 5*p**4/3 - 3*p**3 + 13*p**2 + p. Determine h(b).
7
Let b(g) = -g + 1. Suppose -2*n + 476 = 2*k - 4*k, -n = 3*k + 714. Let w = k - -338. Let i = 93 - w. Calculate b(i).
8
Let u(y) = 15 + 14*y + 11 + 13*y + 13*y - 46*y. Calculate u(5).
-4
Let w = -396 - -242. Let g = 159 + w. Let p(t) = -t**2 + 2*t + 1. Give p(g).
-14
Suppose -5*y - 8 + 13 = 0. Let x(q) = 3*q**3 + 14*q**2 - 20*q - 5. Let z(w) = -2*w**3 - 8*w**2 + 12*w + 3. Let d(j) = -3*x(j) - 5*z(j). Calculate d(y).
-1
Let b(o) be the first derivative of 1/4*o**4 - 91 - 2*o + 5/3*o**3 + o**2. Calculate b(-4).
6
Let v(f) = -3*f**2 - 15*f + 1. Let w be 672/(-64)*(-2 + (-118)/3). Let r = -439 + w. What is v(r)?
1
Let p(y) be the third derivative of y**4/3 + 19*y**3/6 + 4502*y**2. Give p(-4).
-13
Let a be (-5 - (-259)/49)*7. Let y(o) = 4*o**2 + 8*o + 12. Let k(c) = -2*c**2 - 4*c - 5. Let i(v) = 9*k(v) + 4*y(v). Calculate i(a).
-13
Let q(m) be the second derivative of 3/4*m**4 + m + 1/20*m**5 + 1/3*m**3 + 0 + 6*m**2. Let g = 2386514 + -2386523. Determine q(g).
-6
Let p(i) = i**3 + 5*i**2 - 7*i - 7. Let k(m) = 4*m - m**3 - 4*m + 4*m - 2*m + 1 + 2*m**2. Let z be k(-1). Suppose z + 34 = -6*a. Give p(a).
-1
Suppose 0 = 7*y - 313 + 96. Let f = -27 + y. Suppose f*z = -4*x + 24, -4*x + 3 = -2*z + 9. Let v(q) = q**2 - 6*q - 2. Determine v(z).
-7
Let j(w) = 2*w**2 - 57*w + 34. Let s be 112*((-102)/(-24))/17. Determine j(s).
6
Let i(b) = -3*b**3 - 44*b**2 + 11*b - 64. Let y be i(-15). Let c(w) be the first derivative of w**4/4 + 5*w**3/3 + 5*w**2/2 + 3*w - 16. Determine c(y).
-1
Let b(l) = 13*l - 59. Let p be b(6). Suppose -p*g + 26 = -6*g. Let k(y) = 12*y + 1. Give k(g).
25
Let z be (-92)/(-36) + (-136)/(-306). Let f be 5/(10/(-4)) + 10. Suppose -5*m - y = -z*y + 17, -m + 5*y - f = 0. Let s(c) = 6*c + 4. Give s(m).
-14
Let a = 5143 - 5142. Let j(l) = -l**2 + 3*l + 1. Give j(a).
3
Let n(z) = 32*z + 7. Let m be n(0). Let o(t) = -9*t + 36. What is o(m)?
-27
Let q(o) = -o + 25. Let t(z) = z**2 - 3*z + 58. Let r(f) = 5*q(f) - 2*t(f). Give r(0).
9
Let d be 1/2 - (-20)/8. Let b(x) be the second derivative of x**4/12 - 4*x**3/3 + 3*x**2/2 + x - 2525. Give b(d).
-12
Let t(o) = 2*o - 7. Let j(c) = -3*c + 10. Let i(g) = -5*j(g) - 7*t(g). Let s = -70 - -97. Suppose s*k = 25*k - 2. Give i(k).
-2
Let b(k) be the second derivative of -5*k**3/2 - 11*k**2 + 1324*k. What is b(-9)?
113
Let a(q) be the second derivative of q**6/120 - q**5/60 - q**4/12 - q**3/6 + 31*q**2/2 + 66*q. Let f(y) be the first derivative of a(y). Calculate f(-2).
-9
Let r(b) = -4 + 0 + 5 - 8 - b. Let q(x) = -4*x**2 - x - 1. Let c be q(-1). Let o be (-2)/12 - c/24. Determine r(o).
-7
Let h(c) = c**2 - 13*c - 13. Suppose -4*g + 7*g - g = 32. Determine h(g).
35
Let n(q) = q**3 - q**2 + 2*q - 1. Let v be ((-15)/10)/((2/28)/(-1)). Let z = 24 - v. Suppose 6*m = 3 + z. Calculate n(m).
1
Let b(y) = 39*y + 2 - 7 - 48*y + 29. Calculate b(11).
-75
Let i(j) = 2326 - 4650 - j + 2328. Suppose 56 = 4*z - 0*b - 5*b, 5*z + b - 41 = 0. Let f be 9/(-18)*(z - 1). Calculate i(f).
8
Let o be (4/(-2))/(14/(-49)). Let q(a) = -16*a**3 - 9*a**3 + 36*a**3 + 8*a - 2*a**2 - 3 - 6*a**2 - 10*a**3. Determine q(o).
4
Let y(c) = -1. Let x(b) = -b**3 - 7*b**2 + 17*b + 79. Let m be x(-8). Let w(h) = -h**2 - h + 4. Let l(q) = m*y(q) + 3*w(q). What is l(-4)?
-31
Let r(x) = 11*x**2 + 5*x + 7. Let w(f) = -50*f**2 - 20*f - 29. Let l(d) = -9*r(d) - 2*w(d). Let s(n) = n**2 - 10*n + 5. Let q be s(10). Give l(q).
-5
Let p(f) = f**3 + 9*f**2 + 7*f - 7. Suppose 15*g - r = 11*g + 91, 4*r - 140 = -5*g. Suppose 21*v - 24*v - g = 0. What is p(v)?
1
Let h(y) = -y**3 + 3. Let i(q) = -q**3 - q - 8. Let f(j) = -3*h(j) - i(j). Give f(1).
4
Suppose 2*g = 4*a + 16, -10 = 104*a - 99*a - 5*g. Let p(f) = -2*f**3 - 11*f**2 + 2*f + 8. What is p(a)?
32
Let z(h) = -h - 27. Let c(g) = -2*g - 47. Let m(w) = -3*c(w) + 5*z(w). Calculate m(0).
6
Let x = 12 + -8. Let w be 2*(10/4 + x). Let o(n) = n - 14. Calculate o(w).
-1
Let b(l) be the first derivative of -l**4/4 - 8*l**3/3 - l**2/2 - 9*l + 2. Suppose -r - 3*n = -34, 5*r + 23 = -n - 3. Determine b(r).
-1
Let l(v) = 32*v - 75. Let s be l(2). Let b(r) = -12*r**2 - 3*r**3 - 9 - 4 + 2*r**3 - 11*r. Calculate b(s).
-13
Let z(i) = -2*i**2 + 109*i - 154. Let n be z(53). Let g(y) = -7*y**2 + 9*y + 8. Let d(b) = -8*b**2 + 10*b + 9. Let l(q) = n*d(q) - 6*g(q). What is l(4)?
13
Let t be (-1)/(-5) - 28/(-30)*33. Let x(u) = t*u - 7*u - 7*u - 11*u - 11*u + 4. What is x(7)?
-31
Suppose 34 = -4*l - 62. Suppose -5*u = -3*v - 96, -4*v + 28 = u - 5. Let k = l + u. Let a(o) = -o + 2. Give a(k).
5
Let m = 444 - 440. Suppose 4*z = -2*h + 2 - 16, m*z + 19 = -3*h. Let c(p) = 15*p**3 + p + 1. What is c(z)?
-15
Let i(c) be the third derivative of -c**4/8 + 4*c**3/3 - 271*c**2. Let a be -8*7/(1